der when 1589 is divided by f(-46).
5
Calculate the remainder when 1073 is divided by 68/85*(-120)/(-36)*(-66)/(-8).
17
Suppose -21*c - 6 = -23*c. Let m(t) = -6 - 12*t**2 + 15*t**2 + 20 + t**3 - t. What is the remainder when c is divided by m(-4)?
1
Suppose -45*l = 5558 - 18113. What is the remainder when l is divided by 29?
18
Let i(d) = -4*d**2 + 304*d + 125. What is the remainder when i(69) is divided by 670?
47
Let q = 39 + -43. What is the remainder when (-5 - 0/q) + (4 - -74) is divided by 38?
35
Let j(u) = -72*u - 3866. What is the remainder when 3580 is divided by j(-54)?
16
Let r(l) = -15*l + 37. Let h(g) = g - 1. Let t(o) = 4*h(o) - r(o). Calculate the remainder when t(10) is divided by 30.
29
Suppose -300 = -5*f + 49*y - 52*y, 3*f - 180 = 4*y. What is the remainder when 5811 is divided by f?
51
Suppose 28*j = -221*j + 52539. Calculate the remainder when 423 is divided by j.
1
What is the remainder when 390 is divided by 11 + ((-3724)/(-637) - (-4)/26)?
16
Suppose 0 = 17*h - 1020 + 884. Calculate the remainder when 1085 is divided by h.
5
Suppose -1427 - 552 = -24*h + 1021. Calculate the remainder when h is divided by 72.
53
What is the remainder when ((1278/(-4))/(-3))/(235/470) is divided by 59?
36
Let p = -79 - -92. Suppose 2*a + p - 11 = 0, 5*a + 277 = 4*b. What is the remainder when b is divided by 18?
14
Let d(t) = t**2 - t + 31. What is the remainder when -10 + 19 + 7 + 1488/12 is divided by d(0)?
16
Let s(b) = 84*b + 912. What is the remainder when 249 is divided by s(-10)?
33
Suppose -23 = 5*q + 3*y - 11, 2*q - y - 4 = 0. Suppose q = 15*s - 9*s - 108. What is the remainder when 395 is divided by s?
17
Suppose 4*c + v = 1151 + 1374, -3*c - 3*v = -1896. Calculate the remainder when c is divided by 54.
37
Let m = 15 + -12. Suppose -m*u + 2*n + 282 = -0*u, 2*n - 94 = -u. Let g = -3458 - -3482. Calculate the remainder when u is divided by g.
22
Let p(s) = 5*s**2 - 2*s - 87. Suppose -9*j = 5 + 58. Calculate the remainder when p(j) is divided by 55.
7
Suppose 11*o - 6*o + k = 391, 3*o - 230 = 4*k. Calculate the remainder when o is divided by 8.
6
Suppose 24*o - 1548 = 2831 + 2365. What is the remainder when o is divided by 9?
2
Suppose 0 = 3*g + w - 461, -772 = -20*g + 15*g + 2*w. Suppose g*i + 1910 = 164*i. Calculate the remainder when i is divided by 20.
11
Suppose 4*w = -o - 103, 4*w = -3*o + 7*o - 128. Let y = -13 - w. Calculate the remainder when y is divided by (-20 - 2114/(-105))*45.
2
Let f(x) = -2*x**2 + 8*x + 4. Suppose 15*i - 36 = 3*i. What is the remainder when 10 is divided by f(i)?
0
Let o = 3 + -1. Suppose u + 130 = 3*y, 2 = o*y + 4*u - 80. Calculate the remainder when 858 is divided by y.
41
Suppose -16 = -4*o - 7*i + 2*i, 3*o + 5*i = 12. Let l(r) = 3*r - 9. Let t be l(o). What is the remainder when -3 + (4 - t) + 1 + 82 is divided by 12?
9
Suppose 0 = -v + 13*w - 12*w + 32, -3*v + 100 = -2*w. Let q be (-2 + 3)/((-9)/v). What is the remainder when 31 is divided by ((1 + -103)/2)/(-7 - q)?
14
Let a(w) = w**3 + 6*w**2 + 10*w + 3. Let o be a(-2). Let k(f) = 4*f**2 + 6*f + 5. Let p = 0 + 3. What is the remainder when p is divided by k(o)?
0
Let k be ((-12)/(-5))/((-4)/((-160)/12)). Calculate the remainder when k/6 + 1374/9 is divided by 31.
30
Suppose -2*p - 485 = -5*t - 170, -4*p = 3*t - 215. Let x = -413 - -252. Let l = x - -287. Calculate the remainder when l is divided by t.
61
Suppose -2*u + 40 = 14. Calculate the remainder when 265 is divided by u + -5 + (-30)/(-1).
37
Let y(x) = -x**3 + 22*x**2 - 82*x - 26. What is the remainder when ((-360)/25)/(9/(-30)) is divided by y(17)?
23
Suppose -5*p + 3*g + 1495 = 0, p + p = 5*g + 617. Suppose 241 = -83*h + 1486. What is the remainder when p is divided by h?
11
What is the remainder when (3718985/368 - 16) + (-1)/(-16) is divided by 187?
179
Let j(f) = 4*f**3 + 6*f**2 + 5*f - 3. Let a be j(-2). Let s(i) = -2*i**2 - 43*i - 14. What is the remainder when s(a) is divided by 2?
1
Suppose -1220*y + 2*s + 46 = -1218*y, 0 = -2*y - 4*s + 52. What is the remainder when 667 is divided by y?
19
Let a be 26/6 + -3 + (-11)/(-3). Suppose -a*f - 2*b + 197 = 0, -2*f + 79 = -0*f + b. Calculate the remainder when f is divided by 10.
9
Suppose j - j = 7*j. Let f be -11 - j*((-10)/(-4))/5. Let t = 25 + f. What is the remainder when 54 is divided by t?
12
Let v(r) = -6*r + 1. Let k(j) = -39*j - 26. Let s be k(-4). Suppose 0 = -3*b - 10*b + s. Calculate the remainder when v(-8) is divided by b.
9
Suppose 117*g = 113*g + 1776. Calculate the remainder when g is divided by 38.
26
Suppose -7*f + 5*s = -11*f + 359, s + 1 = 0. Calculate the remainder when f is divided by 24.
19
Calculate the remainder when 1361 is divided by 372352/2432 + (-4)/38.
137
What is the remainder when 35/11 + -1 + 45/55 is divided by (18 - 560/32)/((-2)/(-4))?
0
Let r(g) = -5*g - 3*g + 3 - 6 - 4. Calculate the remainder when r(-8) is divided by 3 - (7 + 16/(-4) + 70/(-7)).
7
Suppose -4*a + 2474 = -3*q, 1492 = 5*a + 4*q - 1647. What is the remainder when 1246 is divided by a?
0
Suppose -54*v - 5*a = -52*v - 177, -5*v - 5*a = -480. Calculate the remainder when 1712 is divided by v.
96
Let n = 4509 + -4439. What is the remainder when 418 is divided by n?
68
Suppose -48*j = -23057 - 56335. Calculate the remainder when j is divided by 16.
6
Let s be 1/5 - (-711)/15*2. Suppose -42 = s*y - 101*y. What is the remainder when 14 is divided by y?
0
Let h(l) = 2*l - 52. Let s be h(30). Suppose -s*f - 84 = -15*f. What is the remainder when 69 is divided by f?
9
Suppose -4*j + 277 + 23 = 0. Let o = -2659 + 2690. What is the remainder when j is divided by o?
13
Let o be -1 + (1 - -1)*-59. Let s = -85 - o. Calculate the remainder when 24/14*(-297346)/(-2536) is divided by s.
31
Suppose 359 = 55*r - 2501. Calculate the remainder when 47 is divided by ((-168)/(-112))/(2/r).
8
Let n = -9306 + 10249. Calculate the remainder when n is divided by 109.
71
Let o(m) = m**3 - 7*m**2 + 7. Let f be o(7). Suppose 5*l = f + 83. What is the remainder when l is divided by ((357/(-14))/51)/(((-1)/16)/1)?
2
Let a(w) = -3*w**2 + 7*w + 8. Let x be a(4). What is the remainder when (-214)/(-12) + 4/24 is divided by (x/24)/((-2)/24)?
0
Calculate the remainder when 834 is divided by 5496/32 + 7/28.
146
Suppose -124*p = -2538 + 738 - 3656. What is the remainder when 747 is divided by p?
43
Suppose -5*m + 444 = 394. Suppose 20*z - 18*z - 4 = 0. Suppose -5*p - 3*u = -0*p - 134, 5*p - z*u - 119 = 0. What is the remainder when p is divided by m?
5
Suppose c + 2*a - 61 = 0, 3*c - a - a = 167. What is the remainder when 44 is divided by (38/6)/(19/c)?
6
Let q = 52 - 94. Let l be (-4)/5*(-495)/(-18). Let g = l - q. Calculate the remainder when 58 is divided by g.
18
Suppose r - 5*r = 2*n - 116, 0 = -2*r - 4*n + 52. Let c be (-2241)/(-15) + (-4)/r*3. Let x = -126 + c. What is the remainder when 43 is divided by x?
20
Let u = 691 + -673. Calculate the remainder when -3 + ((-3202)/(-20) - 9/90) is divided by u.
13
Calculate the remainder when (-256)/12*3/(-1) is divided by 10 - (-19)/((-38)/8).
4
Suppose 5*l + 45 = -20. What is the remainder when (l - -5)*(-15)/2 is divided by 32?
28
Let s(y) = 3*y**2 + 589*y - 7435. Let g(v) = 2*v - 6. Let x be g(5). Suppose x*p = 95 - 27. Calculate the remainder when s(12) is divided by p.
14
Let j be (5 + 5)*(-1)/((-5)/56). Let i = j + -107. What is the remainder when i is divided by 2?
1
Let i(c) = -2*c**2 + 51*c - 86. Calculate the remainder when 1493 is divided by i(22).
65
Let d(y) = y**2 + 7*y - 34. Let c be d(4). Suppose c*u = -6 + 26. Calculate the remainder when u is divided by 2.
0
Let z be (-1 - (-42)/38) + (-18238)/(-19). Suppose -5*t - 3*t = -z. What is the remainder when t is divided by 9?
3
Let p(j) be the third derivative of -3*j**4/8 + 7*j**3/3 + 2*j**2 - 4*j. Calculate the remainder when 68 is divided by p(-1).
22
Let p(d) = -d**3 + 3*d**2 + d - 13. Let o be p(4). What is the remainder when 20/o*60/(-2) is divided by 14?
10
Suppose -13*b - 3*o = -238, -6*o = 4*b - o - 61. Calculate the remainder when b is divided by 20/(-11) + (-12)/66 - -11.
1
Suppose -329*m = -7298 - 12113. Calculate the remainder when m is divided by 35.
24
Suppose 33*z - 3184 = 17*z. Calculate the remainder when z is divided by 51.
46
Calculat